s of 26462?
2, 101, 131
What are the prime factors of 5161?
13, 397
What are the prime factors of 6288?
2, 3, 131
What are the prime factors of 953?
953
List the prime factors of 163416.
2, 3, 11, 619
List the prime factors of 6951.
3, 7, 331
What are the prime factors of 877?
877
List the prime factors of 3718.
2, 11, 13
List the prime factors of 271.
271
List the prime factors of 18952.
2, 23, 103
List the prime factors of 9792.
2, 3, 17
What are the prime factors of 3138?
2, 3, 523
List the prime factors of 17858.
2, 8929
List the prime factors of 51424.
2, 1607
What are the prime factors of 3974?
2, 1987
List the prime factors of 135910.
2, 5, 13591
What are the prime factors of 3874?
2, 13, 149
List the prime factors of 2908.
2, 727
List the prime factors of 358.
2, 179
List the prime factors of 847.
7, 11
List the prime factors of 5529.
3, 19, 97
List the prime factors of 5826.
2, 3, 971
What are the prime factors of 1273?
19, 67
List the prime factors of 7099.
31, 229
What are the prime factors of 2227?
17, 131
List the prime factors of 2439.
3, 271
What are the prime factors of 2577?
3, 859
What are the prime factors of 3739?
3739
List the prime factors of 1569.
3, 523
What are the prime factors of 30241?
30241
List the prime factors of 1346.
2, 673
What are the prime factors of 14149?
14149
What are the prime factors of 552?
2, 3, 23
What are the prime factors of 956?
2, 239
List the prime factors of 9564.
2, 3, 797
List the prime factors of 92815.
5, 19, 977
List the prime factors of 4441.
4441
List the prime factors of 13439.
89, 151
List the prime factors of 1573.
11, 13
What are the prime factors of 17924?
2, 4481
What are the prime factors of 27910?
2, 5, 2791
List the prime factors of 19323.
3, 19, 113
What are the prime factors of 65034?
2, 3, 3613
What are the prime factors of 42540?
2, 3, 5, 709
What are the prime factors of 142702?
2, 7, 10193
What are the prime factors of 3580?
2, 5, 179
What are the prime factors of 525?
3, 5, 7
List the prime factors of 363.
3, 11
What are the prime factors of 56579?
29, 1951
What are the prime factors of 1211?
7, 173
List the prime factors of 68710.
2, 5, 6871
List the prime factors of 45276.
2, 3, 7, 11
What are the prime factors of 8386?
2, 7, 599
List the prime factors of 24186.
2, 3, 29, 139
What are the prime factors of 728?
2, 7, 13
What are the prime factors of 53143?
19, 2797
List the prime factors of 66932.
2, 29, 577
What are the prime factors of 4134?
2, 3, 13, 53
What are the prime factors of 49?
7
What are the prime factors of 475?
5, 19
What are the prime factors of 9743?
9743
What are the prime factors of 37001?
163, 227
List the prime factors of 3317.
31, 107
What are the prime factors of 1349?
19, 71
What are the prime factors of 46308?
2, 3, 17, 227
List the prime factors of 642.
2, 3, 107
List the prime factors of 17916.
2, 3, 1493
List the prime factors of 8433.
3, 937
What are the prime factors of 28461?
3, 53, 179
What are the prime factors of 5612?
2, 23, 61
List the prime factors of 53095.
5, 7, 37, 41
List the prime factors of 5727.
3, 23, 83
List the prime factors of 427.
7, 61
List the prime factors of 17755.
5, 53, 67
What are the prime factors of 1075?
5, 43
What are the prime factors of 3844?
2, 31
List the prime factors of 2192.
2, 137
What are the prime factors of 1076?
2, 269
What are the prime factors of 850?
2, 5, 17
What are the prime factors of 7083?
3, 787
List the prime factors of 5958.
2, 3, 331
List the prime factors of 54.
2, 3
What are the prime factors of 19593?
3, 7, 311
What are the prime factors of 146426?
2, 7, 10459
What are the prime factors of 5875?
5, 47
What are the prime factors of 27400?
2, 5, 137
List the prime factors of 3450.
2, 3, 5, 23
What are the prime factors of 6069?
3, 7, 17
What are the prime factors of 408?
2, 3, 17
List the prime factors of 2743.
13, 211
What are the prime factors of 118481?
11, 10771
List the prime factors of 64892.
2, 16223
List the prime factors of 7956.
2, 3, 13, 17
List the prime factors of 57110.
2, 5, 5711
What are the prime factors of 748?
2, 11, 17
What are the prime factors of 48?
2, 3
List the prime factors of 173743.
173743
What are the prime factors of 67080?
2, 3, 5, 13, 43
What are the prime factors of 89969?
11, 8179
What are the prime factors of 1437?
3, 479
List the prime factors of 1281.
3, 7, 61
What are the prime factors of 72?
2, 3
List the prime factors of 67789.
67789
What are the prime factors of 2908?
2, 727
List the prime factors of 208.
2, 13
What are the prime factors of 3825?
3, 5, 17
What are the prime factors of 16976?
2, 1061
List the prime factors of 581.
7, 83
List the prime factors of 1293.
3, 431
List the prime factors of 41599.
17, 2447
What are the prime factors of 266?
2, 7, 19
List the prime factors of 1603.
7, 229
What are the prime factors of 97595?
5, 131, 149
What are the prime factors of 24797?
137, 181
What are the prime factors of 183695?
5, 36739
List the prime factors of 455.
5, 7, 13
List the prime factors of 1840.
2, 5, 23
List the prime factors of 14291.
31, 461
List the prime factors of 8073.
3, 13, 23
List the prime factors of 143936.
2, 13, 173
List the prime factors of 179.
179
List the prime factors of 4215.
3, 5, 281
What are the prime factors of 1189?
29, 41
What are the prime factors of 916?
2, 229
List the prime factors of 2742.
2, 3, 457
List the prime factors of 2529.
3, 281
List the prime factors of 2084.
2, 521
List the prime factors of 87172.
2, 19, 31, 37
List the prime factors of 27964.
2, 6991
List the prime factors of 9635.
5, 41, 47
What are the prime factors of 40697?
40697
What are the prime factors of 1281?
3, 7, 61
What are the prime factors of 443?
443
List the prime factors of 552.
2, 3, 23
What are the prime factors of 5180?
2, 5, 7, 37
What are the prime factors of 1953?
3, 7, 31
List the prime factors of 2407.
29, 83
List the prime factors of 11257.
11257
List the prime factors of 11594.
2, 11, 17, 31
List the prime factors of 2026.
2, 1013
What are the prime factors of 21903?
3, 7, 149
List the prime factors of 3847.
3847
List the prime factors of 1296.
2, 3
What are the prime factors of 44964?
2, 3, 1249
What are the prime factors of 576?
2, 3
What are the prime factors of 101?
101
List the prime factors of 295.
5, 59
List the prime factors of 2557.
2557
What are the prime factors of 2906?
2, 1453
What are the prime factors of 14628?
2, 3, 23, 53
List the prime factors of 13589.
107, 127
What are the prime factors of 5681?
13, 19, 23
What are the prime factors of 1497?
3, 499
What are the prime factors of 1143?
3, 127
List the prime factors of 31733.
13, 2441
List the prime factors of 518.
2, 7, 37
List the prime factors of 2221.
2221
What are the prime factors of 138841?
138841
What are the prime factors of 820?
2, 5, 41
List the prime factors of 1651.
13, 127
List the prime factors of 1181.
1181
What are the prime factors of 3955?
5, 7, 113
List the prime factors of 44296.
2, 7, 113
What are the prime factors of 126857?
126857
What are the prime factors of 11936?
2, 373
List the prime factors of 6111.
3, 7, 97
What are the prime factors of 6685?
5, 7, 191
What are the prime factors of 88605?
3, 5, 11, 179
List the prime factors of 17222.
2, 79, 109
What are the prime factors of 10757?
31, 347
List the prime factors of 993.
3, 331
What are the prime factors of 17558?
2, 8779
List the prime factors of 675.
3, 5
What are the prime factors of 7328?
2, 229
What are the prime factors of 1556?
2, 389
List the prime factors of 3797.
3797
What are the prime factors of 49524?
2, 3, 4127
List the prime factors of 14092.
2, 13, 271
List the prime factors of 850.
2, 5, 17
List the prime factors of 3898.
2, 1949
List the prime factors of 230.
2, 5, 23
What are the prime factors of 14312?
2, 1789
List the prime factors of 41928.
2, 3, 1747
What are the prime factors of 2621?
2621
What are the prime factors of 4778?
2, 2389
List the prime factors of 63521.
63521
What are the prime factors of 15953?
7, 43, 53
What are the prime factors of 2902?
2, 1451
List the prime factors of 56619.
3, 233
List the prime factors of 47150.
2, 5, 23, 41
List the prime factors of 10699.
13, 823
What are the prime factors of 9478?
2, 7, 677
List the p